{"id":1656,"date":"2026-01-28T17:26:31","date_gmt":"2026-01-28T16:26:31","guid":{"rendered":"https:\/\/schillerlegal.ch\/?post_type=team-member&#038;p=1656"},"modified":"2026-01-28T17:26:31","modified_gmt":"2026-01-28T16:26:31","slug":"jonas-martin","status":"publish","type":"team-member","link":"https:\/\/schillerlegal.ch\/fr\/membre-de-lequipe\/jonas-martin\/","title":{"rendered":"Jonas Martin"},"content":{"rendered":"\n<p>Jonas Martin conseille et repr\u00e9sente des entreprises nationales et internationales ainsi que des particuliers dans les domaines du droit des contrats et des soci\u00e9t\u00e9s, du droit du travail,\u00a0du droit du bail, du droit des poursuites et des faillites ainsi que du droit p\u00e9nal.<\/p>\n\n\n\n<p>Il a obtenu son master en droit \u00e0 l&rsquo;universit\u00e9 de B\u00e2le (MLaw 2021). Apr\u00e8s un stage au tribunal civil de B\u00e2le-Campagne Est, il a travaill\u00e9 comme stagiaire au service juridique d&rsquo;une soci\u00e9t\u00e9 pharmaceutique cot\u00e9e en bourse, sise \u00e0 B\u00e2le, ainsi qu\u2019au service juridique d&rsquo;un cabinet d&rsquo;audit d\u2019un des \u00abBig Four\u00bb \u00e0 Zurich. \u00c0 partir de 2024, Jonas Martin a occup\u00e9 le poste de Compliance &amp; Contract Manager aupr\u00e8s d\u2019un constructeur de v\u00e9hicules ferroviaires. En juin 2024, il a obtenu le brevet d&rsquo;avocat du canton de B\u00e2le-Campagne. Depuis janvier 2026, il travaille pour l\u2019\u00e9tude Schiller Rechtsanw\u00e4lte.<\/p>\n\n\n\n<p>Jonas Martin parle allemand\u00a0et anglais.\u00a0<\/p>\n\n\n\n<p>Il est membre de l&rsquo;Association des avocats de Zurich et de la F\u00e9d\u00e9ration Suisse des Avocats.<\/p>\n","protected":false},"featured_media":1662,"template":"","employment-status":[29],"class_list":["post-1656","team-member","type-team-member","status-publish","has-post-thumbnail","hentry","employment-status-active-fr"],"acf":[],"yoast_head":"<!-- This site is optimized with the Yoast SEO plugin v27.3 - https:\/\/yoast.com\/product\/yoast-seo-wordpress\/ -->\n<title>Jonas Martin - Schiller Rechtsanw\u00e4lte AG<\/title>\n<meta name=\"robots\" content=\"index, follow, max-snippet:-1, max-image-preview:large, max-video-preview:-1\" \/>\n<link rel=\"canonical\" href=\"https:\/\/schillerlegal.ch\/fr\/membre-de-lequipe\/jonas-martin\/\" \/>\n<meta property=\"og:locale\" content=\"fr_FR\" \/>\n<meta property=\"og:type\" content=\"article\" \/>\n<meta property=\"og:title\" content=\"Jonas Martin - Schiller Rechtsanw\u00e4lte AG\" \/>\n<meta property=\"og:description\" content=\"Jonas Martin conseille et repr\u00e9sente des entreprises nationales et internationales ainsi que des particuliers dans les domaines du droit des contrats et des soci\u00e9t\u00e9s, du droit du travail,\u00a0du droit du bail, du droit des poursuites et des faillites ainsi que du droit p\u00e9nal. Il a obtenu son master en droit \u00e0 l&rsquo;universit\u00e9 de B\u00e2le (MLaw [&hellip;]\" \/>\n<meta property=\"og:url\" content=\"https:\/\/schillerlegal.ch\/fr\/membre-de-lequipe\/jonas-martin\/\" \/>\n<meta property=\"og:site_name\" content=\"Schiller Rechtsanw\u00e4lte AG\" \/>\n<meta property=\"og:image\" content=\"https:\/\/schillerlegal.ch\/wp-content\/uploads\/2025\/12\/IMG_0046_final_666x1000px_72dpi.jpg\" \/>\n\t<meta property=\"og:image:width\" content=\"666\" \/>\n\t<meta property=\"og:image:height\" content=\"1000\" \/>\n\t<meta property=\"og:image:type\" content=\"image\/jpeg\" \/>\n<meta name=\"twitter:card\" content=\"summary_large_image\" \/>\n<meta name=\"twitter:label1\" content=\"Dur\u00e9e de lecture estim\u00e9e\" \/>\n\t<meta name=\"twitter:data1\" content=\"2 minutes\" \/>\n<script type=\"application\/ld+json\" class=\"yoast-schema-graph\">{\"@context\":\"https:\\\/\\\/schema.org\",\"@graph\":[{\"@type\":\"WebPage\",\"@id\":\"https:\\\/\\\/schillerlegal.ch\\\/fr\\\/membre-de-lequipe\\\/jonas-martin\\\/\",\"url\":\"https:\\\/\\\/schillerlegal.ch\\\/fr\\\/membre-de-lequipe\\\/jonas-martin\\\/\",\"name\":\"Jonas Martin - Schiller Rechtsanw\u00e4lte AG\",\"isPartOf\":{\"@id\":\"https:\\\/\\\/schillerlegal.ch\\\/fr\\\/#website\"},\"primaryImageOfPage\":{\"@id\":\"https:\\\/\\\/schillerlegal.ch\\\/fr\\\/membre-de-lequipe\\\/jonas-martin\\\/#primaryimage\"},\"image\":{\"@id\":\"https:\\\/\\\/schillerlegal.ch\\\/fr\\\/membre-de-lequipe\\\/jonas-martin\\\/#primaryimage\"},\"thumbnailUrl\":\"https:\\\/\\\/schillerlegal.ch\\\/wp-content\\\/uploads\\\/2025\\\/12\\\/IMG_0046_final_666x1000px_72dpi.jpg\",\"datePublished\":\"2026-01-28T16:26:31+00:00\",\"breadcrumb\":{\"@id\":\"https:\\\/\\\/schillerlegal.ch\\\/fr\\\/membre-de-lequipe\\\/jonas-martin\\\/#breadcrumb\"},\"inLanguage\":\"fr-FR\",\"potentialAction\":[{\"@type\":\"ReadAction\",\"target\":[\"https:\\\/\\\/schillerlegal.ch\\\/fr\\\/membre-de-lequipe\\\/jonas-martin\\\/\"]}]},{\"@type\":\"ImageObject\",\"inLanguage\":\"fr-FR\",\"@id\":\"https:\\\/\\\/schillerlegal.ch\\\/fr\\\/membre-de-lequipe\\\/jonas-martin\\\/#primaryimage\",\"url\":\"https:\\\/\\\/schillerlegal.ch\\\/wp-content\\\/uploads\\\/2025\\\/12\\\/IMG_0046_final_666x1000px_72dpi.jpg\",\"contentUrl\":\"https:\\\/\\\/schillerlegal.ch\\\/wp-content\\\/uploads\\\/2025\\\/12\\\/IMG_0046_final_666x1000px_72dpi.jpg\",\"width\":666,\"height\":1000},{\"@type\":\"BreadcrumbList\",\"@id\":\"https:\\\/\\\/schillerlegal.ch\\\/fr\\\/membre-de-lequipe\\\/jonas-martin\\\/#breadcrumb\",\"itemListElement\":[{\"@type\":\"ListItem\",\"position\":1,\"name\":\"Startseite\",\"item\":\"https:\\\/\\\/schillerlegal.ch\\\/fr\\\/\"},{\"@type\":\"ListItem\",\"position\":2,\"name\":\"Jonas Martin\"}]},{\"@type\":\"WebSite\",\"@id\":\"https:\\\/\\\/schillerlegal.ch\\\/fr\\\/#website\",\"url\":\"https:\\\/\\\/schillerlegal.ch\\\/fr\\\/\",\"name\":\"Schiller Rechtsanw\u00e4lte AG\",\"description\":\"\",\"potentialAction\":[{\"@type\":\"SearchAction\",\"target\":{\"@type\":\"EntryPoint\",\"urlTemplate\":\"https:\\\/\\\/schillerlegal.ch\\\/fr\\\/?s={search_term_string}\"},\"query-input\":{\"@type\":\"PropertyValueSpecification\",\"valueRequired\":true,\"valueName\":\"search_term_string\"}}],\"inLanguage\":\"fr-FR\"}]}<\/script>\n<!-- \/ Yoast SEO plugin. -->","yoast_head_json":{"title":"Jonas Martin - Schiller Rechtsanw\u00e4lte AG","robots":{"index":"index","follow":"follow","max-snippet":"max-snippet:-1","max-image-preview":"max-image-preview:large","max-video-preview":"max-video-preview:-1"},"canonical":"https:\/\/schillerlegal.ch\/fr\/membre-de-lequipe\/jonas-martin\/","og_locale":"fr_FR","og_type":"article","og_title":"Jonas Martin - Schiller Rechtsanw\u00e4lte AG","og_description":"Jonas Martin conseille et repr\u00e9sente des entreprises nationales et internationales ainsi que des particuliers dans les domaines du droit des contrats et des soci\u00e9t\u00e9s, du droit du travail,\u00a0du droit du bail, du droit des poursuites et des faillites ainsi que du droit p\u00e9nal. Il a obtenu son master en droit \u00e0 l&rsquo;universit\u00e9 de B\u00e2le (MLaw [&hellip;]","og_url":"https:\/\/schillerlegal.ch\/fr\/membre-de-lequipe\/jonas-martin\/","og_site_name":"Schiller Rechtsanw\u00e4lte AG","og_image":[{"width":666,"height":1000,"url":"https:\/\/schillerlegal.ch\/wp-content\/uploads\/2025\/12\/IMG_0046_final_666x1000px_72dpi.jpg","type":"image\/jpeg"}],"twitter_card":"summary_large_image","twitter_misc":{"Dur\u00e9e de lecture estim\u00e9e":"2 minutes"},"schema":{"@context":"https:\/\/schema.org","@graph":[{"@type":"WebPage","@id":"https:\/\/schillerlegal.ch\/fr\/membre-de-lequipe\/jonas-martin\/","url":"https:\/\/schillerlegal.ch\/fr\/membre-de-lequipe\/jonas-martin\/","name":"Jonas Martin - Schiller Rechtsanw\u00e4lte AG","isPartOf":{"@id":"https:\/\/schillerlegal.ch\/fr\/#website"},"primaryImageOfPage":{"@id":"https:\/\/schillerlegal.ch\/fr\/membre-de-lequipe\/jonas-martin\/#primaryimage"},"image":{"@id":"https:\/\/schillerlegal.ch\/fr\/membre-de-lequipe\/jonas-martin\/#primaryimage"},"thumbnailUrl":"https:\/\/schillerlegal.ch\/wp-content\/uploads\/2025\/12\/IMG_0046_final_666x1000px_72dpi.jpg","datePublished":"2026-01-28T16:26:31+00:00","breadcrumb":{"@id":"https:\/\/schillerlegal.ch\/fr\/membre-de-lequipe\/jonas-martin\/#breadcrumb"},"inLanguage":"fr-FR","potentialAction":[{"@type":"ReadAction","target":["https:\/\/schillerlegal.ch\/fr\/membre-de-lequipe\/jonas-martin\/"]}]},{"@type":"ImageObject","inLanguage":"fr-FR","@id":"https:\/\/schillerlegal.ch\/fr\/membre-de-lequipe\/jonas-martin\/#primaryimage","url":"https:\/\/schillerlegal.ch\/wp-content\/uploads\/2025\/12\/IMG_0046_final_666x1000px_72dpi.jpg","contentUrl":"https:\/\/schillerlegal.ch\/wp-content\/uploads\/2025\/12\/IMG_0046_final_666x1000px_72dpi.jpg","width":666,"height":1000},{"@type":"BreadcrumbList","@id":"https:\/\/schillerlegal.ch\/fr\/membre-de-lequipe\/jonas-martin\/#breadcrumb","itemListElement":[{"@type":"ListItem","position":1,"name":"Startseite","item":"https:\/\/schillerlegal.ch\/fr\/"},{"@type":"ListItem","position":2,"name":"Jonas Martin"}]},{"@type":"WebSite","@id":"https:\/\/schillerlegal.ch\/fr\/#website","url":"https:\/\/schillerlegal.ch\/fr\/","name":"Schiller Rechtsanw\u00e4lte AG","description":"","potentialAction":[{"@type":"SearchAction","target":{"@type":"EntryPoint","urlTemplate":"https:\/\/schillerlegal.ch\/fr\/?s={search_term_string}"},"query-input":{"@type":"PropertyValueSpecification","valueRequired":true,"valueName":"search_term_string"}}],"inLanguage":"fr-FR"}]}},"_links":{"self":[{"href":"https:\/\/schillerlegal.ch\/fr\/wp-json\/wp\/v2\/team-member\/1656","targetHints":{"allow":["GET"]}}],"collection":[{"href":"https:\/\/schillerlegal.ch\/fr\/wp-json\/wp\/v2\/team-member"}],"about":[{"href":"https:\/\/schillerlegal.ch\/fr\/wp-json\/wp\/v2\/types\/team-member"}],"wp:featuredmedia":[{"embeddable":true,"href":"https:\/\/schillerlegal.ch\/fr\/wp-json\/wp\/v2\/media\/1662"}],"wp:attachment":[{"href":"https:\/\/schillerlegal.ch\/fr\/wp-json\/wp\/v2\/media?parent=1656"}],"wp:term":[{"taxonomy":"employment-status","embeddable":true,"href":"https:\/\/schillerlegal.ch\/fr\/wp-json\/wp\/v2\/employment-status?post=1656"}],"curies":[{"name":"wp","href":"https:\/\/api.w.org\/{rel}","templated":true}]}}

<p>Jonas Martin conseille et représente des entreprises nationales et internationales ainsi que des particuliers dans les domaines du droit des contrats et des sociétés, du droit du travail, du droit du bail, du droit des poursuites et des faillites ainsi que du droit pénal.</p>



<p>Il a obtenu son master en droit à l&rsquo;université de Bâle (MLaw 2021). Après un stage au tribunal civil de Bâle-Campagne Est, il a travaillé comme stagiaire au service juridique d&rsquo;une société pharmaceutique cotée en bourse, sise à Bâle, ainsi qu’au service juridique d&rsquo;un cabinet d&rsquo;audit d’un des «Big Four» à Zurich. À partir de 2024, Jonas Martin a occupé le poste de Compliance &amp; Contract Manager auprès d’un constructeur de véhicules ferroviaires. En juin 2024, il a obtenu le brevet d&rsquo;avocat du canton de Bâle-Campagne. Depuis janvier 2026, il travaille pour l’étude Schiller Rechtsanwälte.</p>



<p>Jonas Martin parle allemand et anglais. </p>



<p>Il est membre de l&rsquo;Association des avocats de Zurich et de la Fédération Suisse des Avocats.</p>

<!-- This site is optimized with the Yoast SEO plugin v27.3 - https://yoast.com/product/yoast-seo-wordpress/ -->
<title>Jonas Martin - Schiller Rechtsanwälte AG</title>
<meta name="robots" content="index, follow, max-snippet:-1, max-image-preview:large, max-video-preview:-1" />
<link rel="canonical" href="https://schillerlegal.ch/fr/membre-de-lequipe/jonas-martin/" />
<meta property="og:locale" content="fr_FR" />
<meta property="og:type" content="article" />
<meta property="og:title" content="Jonas Martin - Schiller Rechtsanwälte AG" />
<meta property="og:description" content="Jonas Martin conseille et représente des entreprises nationales et internationales ainsi que des particuliers dans les domaines du droit des contrats et des sociétés, du droit du travail, du droit du bail, du droit des poursuites et des faillites ainsi que du droit pénal. Il a obtenu son master en droit à l&rsquo;université de Bâle (MLaw [&hellip;]" />
<meta property="og:url" content="https://schillerlegal.ch/fr/membre-de-lequipe/jonas-martin/" />
<meta property="og:site_name" content="Schiller Rechtsanwälte AG" />
<meta property="og:image" content="https://schillerlegal.ch/wp-content/uploads/2025/12/IMG_0046_final_666x1000px_72dpi.jpg" />
	<meta property="og:image:width" content="666" />
	<meta property="og:image:height" content="1000" />
	<meta property="og:image:type" content="image/jpeg" />
<meta name="twitter:card" content="summary_large_image" />
<meta name="twitter:label1" content="Durée de lecture estimée" />
	<meta name="twitter:data1" content="2 minutes" />
<script type="application/ld+json" class="yoast-schema-graph">{"@context":"https:\/\/schema.org","@graph":[{"@type":"WebPage","@id":"https:\/\/schillerlegal.ch\/fr\/membre-de-lequipe\/jonas-martin\/","url":"https:\/\/schillerlegal.ch\/fr\/membre-de-lequipe\/jonas-martin\/","name":"Jonas Martin - Schiller Rechtsanwälte AG","isPartOf":{"@id":"https:\/\/schillerlegal.ch\/fr\/#website"},"primaryImageOfPage":{"@id":"https:\/\/schillerlegal.ch\/fr\/membre-de-lequipe\/jonas-martin\/#primaryimage"},"image":{"@id":"https:\/\/schillerlegal.ch\/fr\/membre-de-lequipe\/jonas-martin\/#primaryimage"},"thumbnailUrl":"https:\/\/schillerlegal.ch\/wp-content\/uploads\/2025\/12\/IMG_0046_final_666x1000px_72dpi.jpg","datePublished":"2026-01-28T16:26:31+00:00","breadcrumb":{"@id":"https:\/\/schillerlegal.ch\/fr\/membre-de-lequipe\/jonas-martin\/#breadcrumb"},"inLanguage":"fr-FR","potentialAction":[{"@type":"ReadAction","target":["https:\/\/schillerlegal.ch\/fr\/membre-de-lequipe\/jonas-martin\/"]}]},{"@type":"ImageObject","inLanguage":"fr-FR","@id":"https:\/\/schillerlegal.ch\/fr\/membre-de-lequipe\/jonas-martin\/#primaryimage","url":"https:\/\/schillerlegal.ch\/wp-content\/uploads\/2025\/12\/IMG_0046_final_666x1000px_72dpi.jpg","contentUrl":"https:\/\/schillerlegal.ch\/wp-content\/uploads\/2025\/12\/IMG_0046_final_666x1000px_72dpi.jpg","width":666,"height":1000},{"@type":"BreadcrumbList","@id":"https:\/\/schillerlegal.ch\/fr\/membre-de-lequipe\/jonas-martin\/#breadcrumb","itemListElement":[{"@type":"ListItem","position":1,"name":"Startseite","item":"https:\/\/schillerlegal.ch\/fr\/"},{"@type":"ListItem","position":2,"name":"Jonas Martin"}]},{"@type":"WebSite","@id":"https:\/\/schillerlegal.ch\/fr\/#website","url":"https:\/\/schillerlegal.ch\/fr\/","name":"Schiller Rechtsanwälte AG","description":"","potentialAction":[{"@type":"SearchAction","target":{"@type":"EntryPoint","urlTemplate":"https:\/\/schillerlegal.ch\/fr\/?s={search_term_string}"},"query-input":{"@type":"PropertyValueSpecification","valueRequired":true,"valueName":"search_term_string"}}],"inLanguage":"fr-FR"}]}</script>
<!-- / Yoast SEO plugin. -->

Jonas Martin - Schiller Rechtsanwälte AG

Jonas Martin conseille et représente des entreprises nationales et internationales ainsi que des particuliers dans les domaines du droit des contrats et des sociétés, du droit du travail, du droit du bail, du droit des poursuites et des faillites ainsi que du droit pénal. Il a obtenu son master en droit à l&rsquo;université de Bâle (MLaw [&hellip;]

Schiller Rechtsanwälte AG
