{"id":1094,"date":"2024-05-01T14:13:17","date_gmt":"2024-05-01T12:13:17","guid":{"rendered":"https:\/\/schiller.site-preview.ch\/teammitglied\/avnije-zendeli\/"},"modified":"2024-07-03T16:28:53","modified_gmt":"2024-07-03T14:28:53","slug":"avnije-zendeli","status":"publish","type":"team-member","link":"https:\/\/schillerlegal.ch\/fr\/membre-de-lequipe\/avnije-zendeli\/","title":{"rendered":"Avnije Zendeli"},"content":{"rendered":"\n<p>Avnije Zendeli est employ\u00e9e dans notre cabinet d&rsquo;avocats depuis la mi-mars 2024 en tant que comptable, responsable de la comptabilit\u00e9 financi\u00e8re, des salaires et des imp\u00f4ts.<\/p>\n\n\n\n<p>N\u00e9e en 1993, elle a commenc\u00e9 sa carri\u00e8re professionnelle par un apprentissage d&#8217;employ\u00e9e de commerce service et administration.&nbsp;<\/p>\n\n\n\n<p>Apr\u00e8s sa formation commerciale, elle a pu acqu\u00e9rir ses premi\u00e8res exp\u00e9riences professionnelles en tant que collaboratrice sp\u00e9cialis\u00e9e dans le domaine fiduciaire et est rest\u00e9e fid\u00e8le \u00e0 cette branche depuis lors. Elle a notamment travaill\u00e9 pour l&rsquo;une des grandes soci\u00e9t\u00e9s fiduciaires et a pu s&rsquo;occuper de mandats nationaux et internationaux. En cours d&#8217;emploi, elle a suivi une formation de gestionnaire du personnel HRSE ainsi qu&rsquo;une \u00e9cole sup\u00e9rieure de gestion d&rsquo;entreprise \u00e0 l&rsquo;institut \u00ab\u00a0Schweizerischen Institut f\u00fcr Betriebs\u00f6konomie\u00a0\u00bb.&nbsp;<\/p>\n\n\n\n<p>Avnije Zendeli parle allemand, anglais et albanais.<\/p>\n\n\n\n<p>Pour Avnije Zendeli, la qualit\u00e9 de vie consiste \u00e0 profiter du temps pass\u00e9 en famille, \u00e0 faire des pauses de temps en temps et \u00e0 se d\u00e9tendre dans la nature.<\/p>\n","protected":false},"featured_media":713,"template":"","employment-status":[31],"class_list":["post-1094","team-member","type-team-member","status-publish","has-post-thumbnail","hentry","employment-status-former-fr"],"acf":[],"yoast_head":"<!-- This site is optimized with the Yoast SEO plugin v27.3 - https:\/\/yoast.com\/product\/yoast-seo-wordpress\/ -->\n<title>Avnije Zendeli - Schiller Rechtsanw\u00e4lte AG<\/title>\n<meta name=\"robots\" content=\"index, follow, max-snippet:-1, max-image-preview:large, max-video-preview:-1\" \/>\n<link rel=\"canonical\" href=\"https:\/\/schillerlegal.ch\/fr\/membre-de-lequipe\/avnije-zendeli\/\" \/>\n<meta property=\"og:locale\" content=\"fr_FR\" \/>\n<meta property=\"og:type\" content=\"article\" \/>\n<meta property=\"og:title\" content=\"Avnije Zendeli - Schiller Rechtsanw\u00e4lte AG\" \/>\n<meta property=\"og:description\" content=\"Avnije Zendeli est employ\u00e9e dans notre cabinet d&rsquo;avocats depuis la mi-mars 2024 en tant que comptable, responsable de la comptabilit\u00e9 financi\u00e8re, des salaires et des imp\u00f4ts. N\u00e9e en 1993, elle a commenc\u00e9 sa carri\u00e8re professionnelle par un apprentissage d&#8217;employ\u00e9e de commerce service et administration.&nbsp; Apr\u00e8s sa formation commerciale, elle a pu acqu\u00e9rir ses premi\u00e8res exp\u00e9riences [&hellip;]\" \/>\n<meta property=\"og:url\" content=\"https:\/\/schillerlegal.ch\/fr\/membre-de-lequipe\/avnije-zendeli\/\" \/>\n<meta property=\"og:site_name\" content=\"Schiller Rechtsanw\u00e4lte AG\" \/>\n<meta property=\"article:modified_time\" content=\"2024-07-03T14:28:53+00:00\" \/>\n<meta property=\"og:image\" content=\"https:\/\/schillerlegal.ch\/wp-content\/uploads\/2024\/05\/cropped_0039_DSC01819.jpg\" \/>\n\t<meta property=\"og:image:width\" content=\"1280\" \/>\n\t<meta property=\"og:image:height\" content=\"1920\" \/>\n\t<meta property=\"og:image:type\" content=\"image\/jpeg\" \/>\n<meta name=\"twitter:card\" content=\"summary_large_image\" \/>\n<meta name=\"twitter:label1\" content=\"Dur\u00e9e de lecture estim\u00e9e\" \/>\n\t<meta name=\"twitter:data1\" content=\"1 minute\" \/>\n<script type=\"application\/ld+json\" class=\"yoast-schema-graph\">{\"@context\":\"https:\\\/\\\/schema.org\",\"@graph\":[{\"@type\":\"WebPage\",\"@id\":\"https:\\\/\\\/schillerlegal.ch\\\/fr\\\/membre-de-lequipe\\\/avnije-zendeli\\\/\",\"url\":\"https:\\\/\\\/schillerlegal.ch\\\/fr\\\/membre-de-lequipe\\\/avnije-zendeli\\\/\",\"name\":\"Avnije Zendeli - Schiller Rechtsanw\u00e4lte AG\",\"isPartOf\":{\"@id\":\"https:\\\/\\\/schillerlegal.ch\\\/fr\\\/#website\"},\"primaryImageOfPage\":{\"@id\":\"https:\\\/\\\/schillerlegal.ch\\\/fr\\\/membre-de-lequipe\\\/avnije-zendeli\\\/#primaryimage\"},\"image\":{\"@id\":\"https:\\\/\\\/schillerlegal.ch\\\/fr\\\/membre-de-lequipe\\\/avnije-zendeli\\\/#primaryimage\"},\"thumbnailUrl\":\"https:\\\/\\\/schillerlegal.ch\\\/wp-content\\\/uploads\\\/2024\\\/05\\\/cropped_0039_DSC01819.jpg\",\"datePublished\":\"2024-05-01T12:13:17+00:00\",\"dateModified\":\"2024-07-03T14:28:53+00:00\",\"breadcrumb\":{\"@id\":\"https:\\\/\\\/schillerlegal.ch\\\/fr\\\/membre-de-lequipe\\\/avnije-zendeli\\\/#breadcrumb\"},\"inLanguage\":\"fr-FR\",\"potentialAction\":[{\"@type\":\"ReadAction\",\"target\":[\"https:\\\/\\\/schillerlegal.ch\\\/fr\\\/membre-de-lequipe\\\/avnije-zendeli\\\/\"]}]},{\"@type\":\"ImageObject\",\"inLanguage\":\"fr-FR\",\"@id\":\"https:\\\/\\\/schillerlegal.ch\\\/fr\\\/membre-de-lequipe\\\/avnije-zendeli\\\/#primaryimage\",\"url\":\"https:\\\/\\\/schillerlegal.ch\\\/wp-content\\\/uploads\\\/2024\\\/05\\\/cropped_0039_DSC01819.jpg\",\"contentUrl\":\"https:\\\/\\\/schillerlegal.ch\\\/wp-content\\\/uploads\\\/2024\\\/05\\\/cropped_0039_DSC01819.jpg\",\"width\":1280,\"height\":1920},{\"@type\":\"BreadcrumbList\",\"@id\":\"https:\\\/\\\/schillerlegal.ch\\\/fr\\\/membre-de-lequipe\\\/avnije-zendeli\\\/#breadcrumb\",\"itemListElement\":[{\"@type\":\"ListItem\",\"position\":1,\"name\":\"Startseite\",\"item\":\"https:\\\/\\\/schillerlegal.ch\\\/fr\\\/\"},{\"@type\":\"ListItem\",\"position\":2,\"name\":\"Avnije Zendeli\"}]},{\"@type\":\"WebSite\",\"@id\":\"https:\\\/\\\/schillerlegal.ch\\\/fr\\\/#website\",\"url\":\"https:\\\/\\\/schillerlegal.ch\\\/fr\\\/\",\"name\":\"Schiller Rechtsanw\u00e4lte AG\",\"description\":\"\",\"potentialAction\":[{\"@type\":\"SearchAction\",\"target\":{\"@type\":\"EntryPoint\",\"urlTemplate\":\"https:\\\/\\\/schillerlegal.ch\\\/fr\\\/?s={search_term_string}\"},\"query-input\":{\"@type\":\"PropertyValueSpecification\",\"valueRequired\":true,\"valueName\":\"search_term_string\"}}],\"inLanguage\":\"fr-FR\"}]}<\/script>\n<!-- \/ Yoast SEO plugin. -->","yoast_head_json":{"title":"Avnije Zendeli - Schiller Rechtsanw\u00e4lte AG","robots":{"index":"index","follow":"follow","max-snippet":"max-snippet:-1","max-image-preview":"max-image-preview:large","max-video-preview":"max-video-preview:-1"},"canonical":"https:\/\/schillerlegal.ch\/fr\/membre-de-lequipe\/avnije-zendeli\/","og_locale":"fr_FR","og_type":"article","og_title":"Avnije Zendeli - Schiller Rechtsanw\u00e4lte AG","og_description":"Avnije Zendeli est employ\u00e9e dans notre cabinet d&rsquo;avocats depuis la mi-mars 2024 en tant que comptable, responsable de la comptabilit\u00e9 financi\u00e8re, des salaires et des imp\u00f4ts. N\u00e9e en 1993, elle a commenc\u00e9 sa carri\u00e8re professionnelle par un apprentissage d&#8217;employ\u00e9e de commerce service et administration.&nbsp; Apr\u00e8s sa formation commerciale, elle a pu acqu\u00e9rir ses premi\u00e8res exp\u00e9riences [&hellip;]","og_url":"https:\/\/schillerlegal.ch\/fr\/membre-de-lequipe\/avnije-zendeli\/","og_site_name":"Schiller Rechtsanw\u00e4lte AG","article_modified_time":"2024-07-03T14:28:53+00:00","og_image":[{"width":1280,"height":1920,"url":"https:\/\/schillerlegal.ch\/wp-content\/uploads\/2024\/05\/cropped_0039_DSC01819.jpg","type":"image\/jpeg"}],"twitter_card":"summary_large_image","twitter_misc":{"Dur\u00e9e de lecture estim\u00e9e":"1 minute"},"schema":{"@context":"https:\/\/schema.org","@graph":[{"@type":"WebPage","@id":"https:\/\/schillerlegal.ch\/fr\/membre-de-lequipe\/avnije-zendeli\/","url":"https:\/\/schillerlegal.ch\/fr\/membre-de-lequipe\/avnije-zendeli\/","name":"Avnije Zendeli - Schiller Rechtsanw\u00e4lte AG","isPartOf":{"@id":"https:\/\/schillerlegal.ch\/fr\/#website"},"primaryImageOfPage":{"@id":"https:\/\/schillerlegal.ch\/fr\/membre-de-lequipe\/avnije-zendeli\/#primaryimage"},"image":{"@id":"https:\/\/schillerlegal.ch\/fr\/membre-de-lequipe\/avnije-zendeli\/#primaryimage"},"thumbnailUrl":"https:\/\/schillerlegal.ch\/wp-content\/uploads\/2024\/05\/cropped_0039_DSC01819.jpg","datePublished":"2024-05-01T12:13:17+00:00","dateModified":"2024-07-03T14:28:53+00:00","breadcrumb":{"@id":"https:\/\/schillerlegal.ch\/fr\/membre-de-lequipe\/avnije-zendeli\/#breadcrumb"},"inLanguage":"fr-FR","potentialAction":[{"@type":"ReadAction","target":["https:\/\/schillerlegal.ch\/fr\/membre-de-lequipe\/avnije-zendeli\/"]}]},{"@type":"ImageObject","inLanguage":"fr-FR","@id":"https:\/\/schillerlegal.ch\/fr\/membre-de-lequipe\/avnije-zendeli\/#primaryimage","url":"https:\/\/schillerlegal.ch\/wp-content\/uploads\/2024\/05\/cropped_0039_DSC01819.jpg","contentUrl":"https:\/\/schillerlegal.ch\/wp-content\/uploads\/2024\/05\/cropped_0039_DSC01819.jpg","width":1280,"height":1920},{"@type":"BreadcrumbList","@id":"https:\/\/schillerlegal.ch\/fr\/membre-de-lequipe\/avnije-zendeli\/#breadcrumb","itemListElement":[{"@type":"ListItem","position":1,"name":"Startseite","item":"https:\/\/schillerlegal.ch\/fr\/"},{"@type":"ListItem","position":2,"name":"Avnije Zendeli"}]},{"@type":"WebSite","@id":"https:\/\/schillerlegal.ch\/fr\/#website","url":"https:\/\/schillerlegal.ch\/fr\/","name":"Schiller Rechtsanw\u00e4lte AG","description":"","potentialAction":[{"@type":"SearchAction","target":{"@type":"EntryPoint","urlTemplate":"https:\/\/schillerlegal.ch\/fr\/?s={search_term_string}"},"query-input":{"@type":"PropertyValueSpecification","valueRequired":true,"valueName":"search_term_string"}}],"inLanguage":"fr-FR"}]}},"_links":{"self":[{"href":"https:\/\/schillerlegal.ch\/fr\/wp-json\/wp\/v2\/team-member\/1094","targetHints":{"allow":["GET"]}}],"collection":[{"href":"https:\/\/schillerlegal.ch\/fr\/wp-json\/wp\/v2\/team-member"}],"about":[{"href":"https:\/\/schillerlegal.ch\/fr\/wp-json\/wp\/v2\/types\/team-member"}],"wp:featuredmedia":[{"embeddable":true,"href":"https:\/\/schillerlegal.ch\/fr\/wp-json\/wp\/v2\/media\/713"}],"wp:attachment":[{"href":"https:\/\/schillerlegal.ch\/fr\/wp-json\/wp\/v2\/media?parent=1094"}],"wp:term":[{"taxonomy":"employment-status","embeddable":true,"href":"https:\/\/schillerlegal.ch\/fr\/wp-json\/wp\/v2\/employment-status?post=1094"}],"curies":[{"name":"wp","href":"https:\/\/api.w.org\/{rel}","templated":true}]}}

<p>Avnije Zendeli est employée dans notre cabinet d&rsquo;avocats depuis la mi-mars 2024 en tant que comptable, responsable de la comptabilité financière, des salaires et des impôts.</p>



<p>Née en 1993, elle a commencé sa carrière professionnelle par un apprentissage d&#8217;employée de commerce service et administration.&nbsp;</p>



<p>Après sa formation commerciale, elle a pu acquérir ses premières expériences professionnelles en tant que collaboratrice spécialisée dans le domaine fiduciaire et est restée fidèle à cette branche depuis lors. Elle a notamment travaillé pour l&rsquo;une des grandes sociétés fiduciaires et a pu s&rsquo;occuper de mandats nationaux et internationaux. En cours d&#8217;emploi, elle a suivi une formation de gestionnaire du personnel HRSE ainsi qu&rsquo;une école supérieure de gestion d&rsquo;entreprise à l&rsquo;institut « Schweizerischen Institut für Betriebsökonomie ».&nbsp;</p>



<p>Avnije Zendeli parle allemand, anglais et albanais.</p>



<p>Pour Avnije Zendeli, la qualité de vie consiste à profiter du temps passé en famille, à faire des pauses de temps en temps et à se détendre dans la nature.</p>

<!-- This site is optimized with the Yoast SEO plugin v27.3 - https://yoast.com/product/yoast-seo-wordpress/ -->
<title>Avnije Zendeli - Schiller Rechtsanwälte AG</title>
<meta name="robots" content="index, follow, max-snippet:-1, max-image-preview:large, max-video-preview:-1" />
<link rel="canonical" href="https://schillerlegal.ch/fr/membre-de-lequipe/avnije-zendeli/" />
<meta property="og:locale" content="fr_FR" />
<meta property="og:type" content="article" />
<meta property="og:title" content="Avnije Zendeli - Schiller Rechtsanwälte AG" />
<meta property="og:description" content="Avnije Zendeli est employée dans notre cabinet d&rsquo;avocats depuis la mi-mars 2024 en tant que comptable, responsable de la comptabilité financière, des salaires et des impôts. Née en 1993, elle a commencé sa carrière professionnelle par un apprentissage d&#8217;employée de commerce service et administration.&nbsp; Après sa formation commerciale, elle a pu acquérir ses premières expériences [&hellip;]" />
<meta property="og:url" content="https://schillerlegal.ch/fr/membre-de-lequipe/avnije-zendeli/" />
<meta property="og:site_name" content="Schiller Rechtsanwälte AG" />
<meta property="article:modified_time" content="2024-07-03T14:28:53+00:00" />
<meta property="og:image" content="https://schillerlegal.ch/wp-content/uploads/2024/05/cropped_0039_DSC01819.jpg" />
	<meta property="og:image:width" content="1280" />
	<meta property="og:image:height" content="1920" />
	<meta property="og:image:type" content="image/jpeg" />
<meta name="twitter:card" content="summary_large_image" />
<meta name="twitter:label1" content="Durée de lecture estimée" />
	<meta name="twitter:data1" content="1 minute" />
<script type="application/ld+json" class="yoast-schema-graph">{"@context":"https:\/\/schema.org","@graph":[{"@type":"WebPage","@id":"https:\/\/schillerlegal.ch\/fr\/membre-de-lequipe\/avnije-zendeli\/","url":"https:\/\/schillerlegal.ch\/fr\/membre-de-lequipe\/avnije-zendeli\/","name":"Avnije Zendeli - Schiller Rechtsanwälte AG","isPartOf":{"@id":"https:\/\/schillerlegal.ch\/fr\/#website"},"primaryImageOfPage":{"@id":"https:\/\/schillerlegal.ch\/fr\/membre-de-lequipe\/avnije-zendeli\/#primaryimage"},"image":{"@id":"https:\/\/schillerlegal.ch\/fr\/membre-de-lequipe\/avnije-zendeli\/#primaryimage"},"thumbnailUrl":"https:\/\/schillerlegal.ch\/wp-content\/uploads\/2024\/05\/cropped_0039_DSC01819.jpg","datePublished":"2024-05-01T12:13:17+00:00","dateModified":"2024-07-03T14:28:53+00:00","breadcrumb":{"@id":"https:\/\/schillerlegal.ch\/fr\/membre-de-lequipe\/avnije-zendeli\/#breadcrumb"},"inLanguage":"fr-FR","potentialAction":[{"@type":"ReadAction","target":["https:\/\/schillerlegal.ch\/fr\/membre-de-lequipe\/avnije-zendeli\/"]}]},{"@type":"ImageObject","inLanguage":"fr-FR","@id":"https:\/\/schillerlegal.ch\/fr\/membre-de-lequipe\/avnije-zendeli\/#primaryimage","url":"https:\/\/schillerlegal.ch\/wp-content\/uploads\/2024\/05\/cropped_0039_DSC01819.jpg","contentUrl":"https:\/\/schillerlegal.ch\/wp-content\/uploads\/2024\/05\/cropped_0039_DSC01819.jpg","width":1280,"height":1920},{"@type":"BreadcrumbList","@id":"https:\/\/schillerlegal.ch\/fr\/membre-de-lequipe\/avnije-zendeli\/#breadcrumb","itemListElement":[{"@type":"ListItem","position":1,"name":"Startseite","item":"https:\/\/schillerlegal.ch\/fr\/"},{"@type":"ListItem","position":2,"name":"Avnije Zendeli"}]},{"@type":"WebSite","@id":"https:\/\/schillerlegal.ch\/fr\/#website","url":"https:\/\/schillerlegal.ch\/fr\/","name":"Schiller Rechtsanwälte AG","description":"","potentialAction":[{"@type":"SearchAction","target":{"@type":"EntryPoint","urlTemplate":"https:\/\/schillerlegal.ch\/fr\/?s={search_term_string}"},"query-input":{"@type":"PropertyValueSpecification","valueRequired":true,"valueName":"search_term_string"}}],"inLanguage":"fr-FR"}]}</script>
<!-- / Yoast SEO plugin. -->

Avnije Zendeli - Schiller Rechtsanwälte AG

Avnije Zendeli est employée dans notre cabinet d&rsquo;avocats depuis la mi-mars 2024 en tant que comptable, responsable de la comptabilité financière, des salaires et des impôts. Née en 1993, elle a commencé sa carrière professionnelle par un apprentissage d&#8217;employée de commerce service et administration.&nbsp; Après sa formation commerciale, elle a pu acquérir ses premières expériences [&hellip;]

Schiller Rechtsanwälte AG
