{"id":1082,"date":"2024-05-01T14:10:33","date_gmt":"2024-05-01T12:10:33","guid":{"rendered":"https:\/\/schiller.site-preview.ch\/teammitglied\/fabienne-salathe\/"},"modified":"2024-07-03T16:33:13","modified_gmt":"2024-07-03T14:33:13","slug":"fabienne-salathe","status":"publish","type":"team-member","link":"https:\/\/schillerlegal.ch\/fr\/membre-de-lequipe\/fabienne-salathe\/","title":{"rendered":"Fabienne Salath\u00e9"},"content":{"rendered":"\n<p>Fabienne Salath\u00e9 soutient activement notre \u00e9quipe depuis juillet 2021.<\/p>\n\n\n\n<p>N\u00e9e en 1993, elle a suivi l&rsquo;\u00e9cole de commerce \u00e0 l&rsquo;\u00e9cole cantonale de Frauenfeld. Elle a ensuite suivi le cours passerelle et a obtenu un bachelor en droit \u00e0 l&rsquo;universit\u00e9 de Zurich.<\/p>\n\n\n\n<p>Fabienne Salath\u00e9 parle allemand, fran\u00e7ais et anglais.<\/p>\n\n\n\n<p>Assistante de Daniel Maritz, Simon Bachmann et Richard Amstutz.<\/p>\n\n\n\n<p>Sportive et passionn\u00e9e de cuisine, Fabienne Salath\u00e9 passe son temps libre \u00e0 la salle de sport, \u00e0 la natation ainsi qu&rsquo;\u00e0 cuisiner et \u00e0 faire de la p\u00e2tisserie.<\/p>\n","protected":false},"featured_media":751,"template":"","employment-status":[31],"class_list":["post-1082","team-member","type-team-member","status-publish","has-post-thumbnail","hentry","employment-status-former-fr"],"acf":[],"yoast_head":"<!-- This site is optimized with the Yoast SEO plugin v27.3 - https:\/\/yoast.com\/product\/yoast-seo-wordpress\/ -->\n<title>Fabienne Salath\u00e9 - Schiller Rechtsanw\u00e4lte AG<\/title>\n<meta name=\"robots\" content=\"index, follow, max-snippet:-1, max-image-preview:large, max-video-preview:-1\" \/>\n<link rel=\"canonical\" href=\"https:\/\/schillerlegal.ch\/fr\/membre-de-lequipe\/fabienne-salathe\/\" \/>\n<meta property=\"og:locale\" content=\"fr_FR\" \/>\n<meta property=\"og:type\" content=\"article\" \/>\n<meta property=\"og:title\" content=\"Fabienne Salath\u00e9 - Schiller Rechtsanw\u00e4lte AG\" \/>\n<meta property=\"og:description\" content=\"Fabienne Salath\u00e9 soutient activement notre \u00e9quipe depuis juillet 2021. N\u00e9e en 1993, elle a suivi l&rsquo;\u00e9cole de commerce \u00e0 l&rsquo;\u00e9cole cantonale de Frauenfeld. Elle a ensuite suivi le cours passerelle et a obtenu un bachelor en droit \u00e0 l&rsquo;universit\u00e9 de Zurich. Fabienne Salath\u00e9 parle allemand, fran\u00e7ais et anglais. Assistante de Daniel Maritz, Simon Bachmann et [&hellip;]\" \/>\n<meta property=\"og:url\" content=\"https:\/\/schillerlegal.ch\/fr\/membre-de-lequipe\/fabienne-salathe\/\" \/>\n<meta property=\"og:site_name\" content=\"Schiller Rechtsanw\u00e4lte AG\" \/>\n<meta property=\"article:modified_time\" content=\"2024-07-03T14:33:13+00:00\" \/>\n<meta property=\"og:image\" content=\"https:\/\/schillerlegal.ch\/wp-content\/uploads\/2024\/06\/cropped_0015_DSC02830.jpg\" \/>\n\t<meta property=\"og:image:width\" content=\"1280\" \/>\n\t<meta property=\"og:image:height\" content=\"1920\" \/>\n\t<meta property=\"og:image:type\" content=\"image\/jpeg\" \/>\n<meta name=\"twitter:card\" content=\"summary_large_image\" \/>\n<script type=\"application\/ld+json\" class=\"yoast-schema-graph\">{\"@context\":\"https:\\\/\\\/schema.org\",\"@graph\":[{\"@type\":\"WebPage\",\"@id\":\"https:\\\/\\\/schillerlegal.ch\\\/fr\\\/membre-de-lequipe\\\/fabienne-salathe\\\/\",\"url\":\"https:\\\/\\\/schillerlegal.ch\\\/fr\\\/membre-de-lequipe\\\/fabienne-salathe\\\/\",\"name\":\"Fabienne Salath\u00e9 - Schiller Rechtsanw\u00e4lte AG\",\"isPartOf\":{\"@id\":\"https:\\\/\\\/schillerlegal.ch\\\/fr\\\/#website\"},\"primaryImageOfPage\":{\"@id\":\"https:\\\/\\\/schillerlegal.ch\\\/fr\\\/membre-de-lequipe\\\/fabienne-salathe\\\/#primaryimage\"},\"image\":{\"@id\":\"https:\\\/\\\/schillerlegal.ch\\\/fr\\\/membre-de-lequipe\\\/fabienne-salathe\\\/#primaryimage\"},\"thumbnailUrl\":\"https:\\\/\\\/schillerlegal.ch\\\/wp-content\\\/uploads\\\/2024\\\/06\\\/cropped_0015_DSC02830.jpg\",\"datePublished\":\"2024-05-01T12:10:33+00:00\",\"dateModified\":\"2024-07-03T14:33:13+00:00\",\"breadcrumb\":{\"@id\":\"https:\\\/\\\/schillerlegal.ch\\\/fr\\\/membre-de-lequipe\\\/fabienne-salathe\\\/#breadcrumb\"},\"inLanguage\":\"fr-FR\",\"potentialAction\":[{\"@type\":\"ReadAction\",\"target\":[\"https:\\\/\\\/schillerlegal.ch\\\/fr\\\/membre-de-lequipe\\\/fabienne-salathe\\\/\"]}]},{\"@type\":\"ImageObject\",\"inLanguage\":\"fr-FR\",\"@id\":\"https:\\\/\\\/schillerlegal.ch\\\/fr\\\/membre-de-lequipe\\\/fabienne-salathe\\\/#primaryimage\",\"url\":\"https:\\\/\\\/schillerlegal.ch\\\/wp-content\\\/uploads\\\/2024\\\/06\\\/cropped_0015_DSC02830.jpg\",\"contentUrl\":\"https:\\\/\\\/schillerlegal.ch\\\/wp-content\\\/uploads\\\/2024\\\/06\\\/cropped_0015_DSC02830.jpg\",\"width\":1280,\"height\":1920},{\"@type\":\"BreadcrumbList\",\"@id\":\"https:\\\/\\\/schillerlegal.ch\\\/fr\\\/membre-de-lequipe\\\/fabienne-salathe\\\/#breadcrumb\",\"itemListElement\":[{\"@type\":\"ListItem\",\"position\":1,\"name\":\"Startseite\",\"item\":\"https:\\\/\\\/schillerlegal.ch\\\/fr\\\/\"},{\"@type\":\"ListItem\",\"position\":2,\"name\":\"Fabienne Salath\u00e9\"}]},{\"@type\":\"WebSite\",\"@id\":\"https:\\\/\\\/schillerlegal.ch\\\/fr\\\/#website\",\"url\":\"https:\\\/\\\/schillerlegal.ch\\\/fr\\\/\",\"name\":\"Schiller Rechtsanw\u00e4lte AG\",\"description\":\"\",\"potentialAction\":[{\"@type\":\"SearchAction\",\"target\":{\"@type\":\"EntryPoint\",\"urlTemplate\":\"https:\\\/\\\/schillerlegal.ch\\\/fr\\\/?s={search_term_string}\"},\"query-input\":{\"@type\":\"PropertyValueSpecification\",\"valueRequired\":true,\"valueName\":\"search_term_string\"}}],\"inLanguage\":\"fr-FR\"}]}<\/script>\n<!-- \/ Yoast SEO plugin. -->","yoast_head_json":{"title":"Fabienne Salath\u00e9 - Schiller Rechtsanw\u00e4lte AG","robots":{"index":"index","follow":"follow","max-snippet":"max-snippet:-1","max-image-preview":"max-image-preview:large","max-video-preview":"max-video-preview:-1"},"canonical":"https:\/\/schillerlegal.ch\/fr\/membre-de-lequipe\/fabienne-salathe\/","og_locale":"fr_FR","og_type":"article","og_title":"Fabienne Salath\u00e9 - Schiller Rechtsanw\u00e4lte AG","og_description":"Fabienne Salath\u00e9 soutient activement notre \u00e9quipe depuis juillet 2021. N\u00e9e en 1993, elle a suivi l&rsquo;\u00e9cole de commerce \u00e0 l&rsquo;\u00e9cole cantonale de Frauenfeld. Elle a ensuite suivi le cours passerelle et a obtenu un bachelor en droit \u00e0 l&rsquo;universit\u00e9 de Zurich. Fabienne Salath\u00e9 parle allemand, fran\u00e7ais et anglais. Assistante de Daniel Maritz, Simon Bachmann et [&hellip;]","og_url":"https:\/\/schillerlegal.ch\/fr\/membre-de-lequipe\/fabienne-salathe\/","og_site_name":"Schiller Rechtsanw\u00e4lte AG","article_modified_time":"2024-07-03T14:33:13+00:00","og_image":[{"width":1280,"height":1920,"url":"https:\/\/schillerlegal.ch\/wp-content\/uploads\/2024\/06\/cropped_0015_DSC02830.jpg","type":"image\/jpeg"}],"twitter_card":"summary_large_image","schema":{"@context":"https:\/\/schema.org","@graph":[{"@type":"WebPage","@id":"https:\/\/schillerlegal.ch\/fr\/membre-de-lequipe\/fabienne-salathe\/","url":"https:\/\/schillerlegal.ch\/fr\/membre-de-lequipe\/fabienne-salathe\/","name":"Fabienne Salath\u00e9 - Schiller Rechtsanw\u00e4lte AG","isPartOf":{"@id":"https:\/\/schillerlegal.ch\/fr\/#website"},"primaryImageOfPage":{"@id":"https:\/\/schillerlegal.ch\/fr\/membre-de-lequipe\/fabienne-salathe\/#primaryimage"},"image":{"@id":"https:\/\/schillerlegal.ch\/fr\/membre-de-lequipe\/fabienne-salathe\/#primaryimage"},"thumbnailUrl":"https:\/\/schillerlegal.ch\/wp-content\/uploads\/2024\/06\/cropped_0015_DSC02830.jpg","datePublished":"2024-05-01T12:10:33+00:00","dateModified":"2024-07-03T14:33:13+00:00","breadcrumb":{"@id":"https:\/\/schillerlegal.ch\/fr\/membre-de-lequipe\/fabienne-salathe\/#breadcrumb"},"inLanguage":"fr-FR","potentialAction":[{"@type":"ReadAction","target":["https:\/\/schillerlegal.ch\/fr\/membre-de-lequipe\/fabienne-salathe\/"]}]},{"@type":"ImageObject","inLanguage":"fr-FR","@id":"https:\/\/schillerlegal.ch\/fr\/membre-de-lequipe\/fabienne-salathe\/#primaryimage","url":"https:\/\/schillerlegal.ch\/wp-content\/uploads\/2024\/06\/cropped_0015_DSC02830.jpg","contentUrl":"https:\/\/schillerlegal.ch\/wp-content\/uploads\/2024\/06\/cropped_0015_DSC02830.jpg","width":1280,"height":1920},{"@type":"BreadcrumbList","@id":"https:\/\/schillerlegal.ch\/fr\/membre-de-lequipe\/fabienne-salathe\/#breadcrumb","itemListElement":[{"@type":"ListItem","position":1,"name":"Startseite","item":"https:\/\/schillerlegal.ch\/fr\/"},{"@type":"ListItem","position":2,"name":"Fabienne Salath\u00e9"}]},{"@type":"WebSite","@id":"https:\/\/schillerlegal.ch\/fr\/#website","url":"https:\/\/schillerlegal.ch\/fr\/","name":"Schiller Rechtsanw\u00e4lte AG","description":"","potentialAction":[{"@type":"SearchAction","target":{"@type":"EntryPoint","urlTemplate":"https:\/\/schillerlegal.ch\/fr\/?s={search_term_string}"},"query-input":{"@type":"PropertyValueSpecification","valueRequired":true,"valueName":"search_term_string"}}],"inLanguage":"fr-FR"}]}},"_links":{"self":[{"href":"https:\/\/schillerlegal.ch\/fr\/wp-json\/wp\/v2\/team-member\/1082","targetHints":{"allow":["GET"]}}],"collection":[{"href":"https:\/\/schillerlegal.ch\/fr\/wp-json\/wp\/v2\/team-member"}],"about":[{"href":"https:\/\/schillerlegal.ch\/fr\/wp-json\/wp\/v2\/types\/team-member"}],"wp:featuredmedia":[{"embeddable":true,"href":"https:\/\/schillerlegal.ch\/fr\/wp-json\/wp\/v2\/media\/751"}],"wp:attachment":[{"href":"https:\/\/schillerlegal.ch\/fr\/wp-json\/wp\/v2\/media?parent=1082"}],"wp:term":[{"taxonomy":"employment-status","embeddable":true,"href":"https:\/\/schillerlegal.ch\/fr\/wp-json\/wp\/v2\/employment-status?post=1082"}],"curies":[{"name":"wp","href":"https:\/\/api.w.org\/{rel}","templated":true}]}}

Fabienne Salathé

<p>Fabienne Salathé soutient activement notre équipe depuis juillet 2021.</p>



<p>Née en 1993, elle a suivi l&rsquo;école de commerce à l&rsquo;école cantonale de Frauenfeld. Elle a ensuite suivi le cours passerelle et a obtenu un bachelor en droit à l&rsquo;université de Zurich.</p>



<p>Fabienne Salathé parle allemand, français et anglais.</p>



<p>Assistante de Daniel Maritz, Simon Bachmann et Richard Amstutz.</p>



<p>Sportive et passionnée de cuisine, Fabienne Salathé passe son temps libre à la salle de sport, à la natation ainsi qu&rsquo;à cuisiner et à faire de la pâtisserie.</p>

<!-- This site is optimized with the Yoast SEO plugin v27.3 - https://yoast.com/product/yoast-seo-wordpress/ -->
<title>Fabienne Salathé - Schiller Rechtsanwälte AG</title>
<meta name="robots" content="index, follow, max-snippet:-1, max-image-preview:large, max-video-preview:-1" />
<link rel="canonical" href="https://schillerlegal.ch/fr/membre-de-lequipe/fabienne-salathe/" />
<meta property="og:locale" content="fr_FR" />
<meta property="og:type" content="article" />
<meta property="og:title" content="Fabienne Salathé - Schiller Rechtsanwälte AG" />
<meta property="og:description" content="Fabienne Salathé soutient activement notre équipe depuis juillet 2021. Née en 1993, elle a suivi l&rsquo;école de commerce à l&rsquo;école cantonale de Frauenfeld. Elle a ensuite suivi le cours passerelle et a obtenu un bachelor en droit à l&rsquo;université de Zurich. Fabienne Salathé parle allemand, français et anglais. Assistante de Daniel Maritz, Simon Bachmann et [&hellip;]" />
<meta property="og:url" content="https://schillerlegal.ch/fr/membre-de-lequipe/fabienne-salathe/" />
<meta property="og:site_name" content="Schiller Rechtsanwälte AG" />
<meta property="article:modified_time" content="2024-07-03T14:33:13+00:00" />
<meta property="og:image" content="https://schillerlegal.ch/wp-content/uploads/2024/06/cropped_0015_DSC02830.jpg" />
	<meta property="og:image:width" content="1280" />
	<meta property="og:image:height" content="1920" />
	<meta property="og:image:type" content="image/jpeg" />
<meta name="twitter:card" content="summary_large_image" />
<script type="application/ld+json" class="yoast-schema-graph">{"@context":"https:\/\/schema.org","@graph":[{"@type":"WebPage","@id":"https:\/\/schillerlegal.ch\/fr\/membre-de-lequipe\/fabienne-salathe\/","url":"https:\/\/schillerlegal.ch\/fr\/membre-de-lequipe\/fabienne-salathe\/","name":"Fabienne Salathé - Schiller Rechtsanwälte AG","isPartOf":{"@id":"https:\/\/schillerlegal.ch\/fr\/#website"},"primaryImageOfPage":{"@id":"https:\/\/schillerlegal.ch\/fr\/membre-de-lequipe\/fabienne-salathe\/#primaryimage"},"image":{"@id":"https:\/\/schillerlegal.ch\/fr\/membre-de-lequipe\/fabienne-salathe\/#primaryimage"},"thumbnailUrl":"https:\/\/schillerlegal.ch\/wp-content\/uploads\/2024\/06\/cropped_0015_DSC02830.jpg","datePublished":"2024-05-01T12:10:33+00:00","dateModified":"2024-07-03T14:33:13+00:00","breadcrumb":{"@id":"https:\/\/schillerlegal.ch\/fr\/membre-de-lequipe\/fabienne-salathe\/#breadcrumb"},"inLanguage":"fr-FR","potentialAction":[{"@type":"ReadAction","target":["https:\/\/schillerlegal.ch\/fr\/membre-de-lequipe\/fabienne-salathe\/"]}]},{"@type":"ImageObject","inLanguage":"fr-FR","@id":"https:\/\/schillerlegal.ch\/fr\/membre-de-lequipe\/fabienne-salathe\/#primaryimage","url":"https:\/\/schillerlegal.ch\/wp-content\/uploads\/2024\/06\/cropped_0015_DSC02830.jpg","contentUrl":"https:\/\/schillerlegal.ch\/wp-content\/uploads\/2024\/06\/cropped_0015_DSC02830.jpg","width":1280,"height":1920},{"@type":"BreadcrumbList","@id":"https:\/\/schillerlegal.ch\/fr\/membre-de-lequipe\/fabienne-salathe\/#breadcrumb","itemListElement":[{"@type":"ListItem","position":1,"name":"Startseite","item":"https:\/\/schillerlegal.ch\/fr\/"},{"@type":"ListItem","position":2,"name":"Fabienne Salathé"}]},{"@type":"WebSite","@id":"https:\/\/schillerlegal.ch\/fr\/#website","url":"https:\/\/schillerlegal.ch\/fr\/","name":"Schiller Rechtsanwälte AG","description":"","potentialAction":[{"@type":"SearchAction","target":{"@type":"EntryPoint","urlTemplate":"https:\/\/schillerlegal.ch\/fr\/?s={search_term_string}"},"query-input":{"@type":"PropertyValueSpecification","valueRequired":true,"valueName":"search_term_string"}}],"inLanguage":"fr-FR"}]}</script>
<!-- / Yoast SEO plugin. -->

Fabienne Salathé - Schiller Rechtsanwälte AG

Fabienne Salathé soutient activement notre équipe depuis juillet 2021. Née en 1993, elle a suivi l&rsquo;école de commerce à l&rsquo;école cantonale de Frauenfeld. Elle a ensuite suivi le cours passerelle et a obtenu un bachelor en droit à l&rsquo;université de Zurich. Fabienne Salathé parle allemand, français et anglais. Assistante de Daniel Maritz, Simon Bachmann et [&hellip;]

Schiller Rechtsanwälte AG
