{"id":1059,"date":"2024-05-01T14:14:27","date_gmt":"2024-05-01T12:14:27","guid":{"rendered":"https:\/\/schiller.site-preview.ch\/teammitglied\/til-huber\/"},"modified":"2024-07-03T16:13:46","modified_gmt":"2024-07-03T14:13:46","slug":"til-huber","status":"publish","type":"team-member","link":"https:\/\/schillerlegal.ch\/fr\/membre-de-lequipe\/til-huber\/","title":{"rendered":"Til Huber"},"content":{"rendered":"\n<p>N\u00e9 en 2005, Til Huber a commenc\u00e9 en 2021 son apprentissage de quatre ans en tant qu&#8217;employ\u00e9 de commerce \u00e0 l&rsquo;UNITED school of sports.&nbsp;Il a commenc\u00e9 la partie professionnelle pratique de sa formation chez nous en \u00e9t\u00e9 2023 et enrichit depuis l&rsquo;\u00e9quipe de Schiller Rechtsanw\u00e4lte AG.<\/p>\n\n\n\n<p>Loin de son travail quotidien, Til Huber se rend sur le terrain de foot, o\u00f9 il peut vivre pleinement sa passion et son \u00e9nergie.<\/p>\n","protected":false},"featured_media":750,"template":"","employment-status":[31],"class_list":["post-1059","team-member","type-team-member","status-publish","has-post-thumbnail","hentry","employment-status-former-fr"],"acf":[],"yoast_head":"<!-- This site is optimized with the Yoast SEO plugin v27.3 - https:\/\/yoast.com\/product\/yoast-seo-wordpress\/ -->\n<title>Til Huber - Schiller Rechtsanw\u00e4lte AG<\/title>\n<meta name=\"robots\" content=\"index, follow, max-snippet:-1, max-image-preview:large, max-video-preview:-1\" \/>\n<link rel=\"canonical\" href=\"https:\/\/schillerlegal.ch\/fr\/membre-de-lequipe\/til-huber\/\" \/>\n<meta property=\"og:locale\" content=\"fr_FR\" \/>\n<meta property=\"og:type\" content=\"article\" \/>\n<meta property=\"og:title\" content=\"Til Huber - Schiller Rechtsanw\u00e4lte AG\" \/>\n<meta property=\"og:description\" content=\"N\u00e9 en 2005, Til Huber a commenc\u00e9 en 2021 son apprentissage de quatre ans en tant qu&#8217;employ\u00e9 de commerce \u00e0 l&rsquo;UNITED school of sports.&nbsp;Il a commenc\u00e9 la partie professionnelle pratique de sa formation chez nous en \u00e9t\u00e9 2023 et enrichit depuis l&rsquo;\u00e9quipe de Schiller Rechtsanw\u00e4lte AG. Loin de son travail quotidien, Til Huber se rend [&hellip;]\" \/>\n<meta property=\"og:url\" content=\"https:\/\/schillerlegal.ch\/fr\/membre-de-lequipe\/til-huber\/\" \/>\n<meta property=\"og:site_name\" content=\"Schiller Rechtsanw\u00e4lte AG\" \/>\n<meta property=\"article:modified_time\" content=\"2024-07-03T14:13:46+00:00\" \/>\n<meta property=\"og:image\" content=\"https:\/\/schillerlegal.ch\/wp-content\/uploads\/2024\/05\/cropped_0012_DSC02865.jpg\" \/>\n\t<meta property=\"og:image:width\" content=\"1280\" \/>\n\t<meta property=\"og:image:height\" content=\"1920\" \/>\n\t<meta property=\"og:image:type\" content=\"image\/jpeg\" \/>\n<meta name=\"twitter:card\" content=\"summary_large_image\" \/>\n<script type=\"application\/ld+json\" class=\"yoast-schema-graph\">{\"@context\":\"https:\\\/\\\/schema.org\",\"@graph\":[{\"@type\":\"WebPage\",\"@id\":\"https:\\\/\\\/schillerlegal.ch\\\/fr\\\/membre-de-lequipe\\\/til-huber\\\/\",\"url\":\"https:\\\/\\\/schillerlegal.ch\\\/fr\\\/membre-de-lequipe\\\/til-huber\\\/\",\"name\":\"Til Huber - Schiller Rechtsanw\u00e4lte AG\",\"isPartOf\":{\"@id\":\"https:\\\/\\\/schillerlegal.ch\\\/fr\\\/#website\"},\"primaryImageOfPage\":{\"@id\":\"https:\\\/\\\/schillerlegal.ch\\\/fr\\\/membre-de-lequipe\\\/til-huber\\\/#primaryimage\"},\"image\":{\"@id\":\"https:\\\/\\\/schillerlegal.ch\\\/fr\\\/membre-de-lequipe\\\/til-huber\\\/#primaryimage\"},\"thumbnailUrl\":\"https:\\\/\\\/schillerlegal.ch\\\/wp-content\\\/uploads\\\/2024\\\/05\\\/cropped_0012_DSC02865.jpg\",\"datePublished\":\"2024-05-01T12:14:27+00:00\",\"dateModified\":\"2024-07-03T14:13:46+00:00\",\"breadcrumb\":{\"@id\":\"https:\\\/\\\/schillerlegal.ch\\\/fr\\\/membre-de-lequipe\\\/til-huber\\\/#breadcrumb\"},\"inLanguage\":\"fr-FR\",\"potentialAction\":[{\"@type\":\"ReadAction\",\"target\":[\"https:\\\/\\\/schillerlegal.ch\\\/fr\\\/membre-de-lequipe\\\/til-huber\\\/\"]}]},{\"@type\":\"ImageObject\",\"inLanguage\":\"fr-FR\",\"@id\":\"https:\\\/\\\/schillerlegal.ch\\\/fr\\\/membre-de-lequipe\\\/til-huber\\\/#primaryimage\",\"url\":\"https:\\\/\\\/schillerlegal.ch\\\/wp-content\\\/uploads\\\/2024\\\/05\\\/cropped_0012_DSC02865.jpg\",\"contentUrl\":\"https:\\\/\\\/schillerlegal.ch\\\/wp-content\\\/uploads\\\/2024\\\/05\\\/cropped_0012_DSC02865.jpg\",\"width\":1280,\"height\":1920},{\"@type\":\"BreadcrumbList\",\"@id\":\"https:\\\/\\\/schillerlegal.ch\\\/fr\\\/membre-de-lequipe\\\/til-huber\\\/#breadcrumb\",\"itemListElement\":[{\"@type\":\"ListItem\",\"position\":1,\"name\":\"Startseite\",\"item\":\"https:\\\/\\\/schillerlegal.ch\\\/fr\\\/\"},{\"@type\":\"ListItem\",\"position\":2,\"name\":\"Til Huber\"}]},{\"@type\":\"WebSite\",\"@id\":\"https:\\\/\\\/schillerlegal.ch\\\/fr\\\/#website\",\"url\":\"https:\\\/\\\/schillerlegal.ch\\\/fr\\\/\",\"name\":\"Schiller Rechtsanw\u00e4lte AG\",\"description\":\"\",\"potentialAction\":[{\"@type\":\"SearchAction\",\"target\":{\"@type\":\"EntryPoint\",\"urlTemplate\":\"https:\\\/\\\/schillerlegal.ch\\\/fr\\\/?s={search_term_string}\"},\"query-input\":{\"@type\":\"PropertyValueSpecification\",\"valueRequired\":true,\"valueName\":\"search_term_string\"}}],\"inLanguage\":\"fr-FR\"}]}<\/script>\n<!-- \/ Yoast SEO plugin. -->","yoast_head_json":{"title":"Til Huber - Schiller Rechtsanw\u00e4lte AG","robots":{"index":"index","follow":"follow","max-snippet":"max-snippet:-1","max-image-preview":"max-image-preview:large","max-video-preview":"max-video-preview:-1"},"canonical":"https:\/\/schillerlegal.ch\/fr\/membre-de-lequipe\/til-huber\/","og_locale":"fr_FR","og_type":"article","og_title":"Til Huber - Schiller Rechtsanw\u00e4lte AG","og_description":"N\u00e9 en 2005, Til Huber a commenc\u00e9 en 2021 son apprentissage de quatre ans en tant qu&#8217;employ\u00e9 de commerce \u00e0 l&rsquo;UNITED school of sports.&nbsp;Il a commenc\u00e9 la partie professionnelle pratique de sa formation chez nous en \u00e9t\u00e9 2023 et enrichit depuis l&rsquo;\u00e9quipe de Schiller Rechtsanw\u00e4lte AG. Loin de son travail quotidien, Til Huber se rend [&hellip;]","og_url":"https:\/\/schillerlegal.ch\/fr\/membre-de-lequipe\/til-huber\/","og_site_name":"Schiller Rechtsanw\u00e4lte AG","article_modified_time":"2024-07-03T14:13:46+00:00","og_image":[{"width":1280,"height":1920,"url":"https:\/\/schillerlegal.ch\/wp-content\/uploads\/2024\/05\/cropped_0012_DSC02865.jpg","type":"image\/jpeg"}],"twitter_card":"summary_large_image","schema":{"@context":"https:\/\/schema.org","@graph":[{"@type":"WebPage","@id":"https:\/\/schillerlegal.ch\/fr\/membre-de-lequipe\/til-huber\/","url":"https:\/\/schillerlegal.ch\/fr\/membre-de-lequipe\/til-huber\/","name":"Til Huber - Schiller Rechtsanw\u00e4lte AG","isPartOf":{"@id":"https:\/\/schillerlegal.ch\/fr\/#website"},"primaryImageOfPage":{"@id":"https:\/\/schillerlegal.ch\/fr\/membre-de-lequipe\/til-huber\/#primaryimage"},"image":{"@id":"https:\/\/schillerlegal.ch\/fr\/membre-de-lequipe\/til-huber\/#primaryimage"},"thumbnailUrl":"https:\/\/schillerlegal.ch\/wp-content\/uploads\/2024\/05\/cropped_0012_DSC02865.jpg","datePublished":"2024-05-01T12:14:27+00:00","dateModified":"2024-07-03T14:13:46+00:00","breadcrumb":{"@id":"https:\/\/schillerlegal.ch\/fr\/membre-de-lequipe\/til-huber\/#breadcrumb"},"inLanguage":"fr-FR","potentialAction":[{"@type":"ReadAction","target":["https:\/\/schillerlegal.ch\/fr\/membre-de-lequipe\/til-huber\/"]}]},{"@type":"ImageObject","inLanguage":"fr-FR","@id":"https:\/\/schillerlegal.ch\/fr\/membre-de-lequipe\/til-huber\/#primaryimage","url":"https:\/\/schillerlegal.ch\/wp-content\/uploads\/2024\/05\/cropped_0012_DSC02865.jpg","contentUrl":"https:\/\/schillerlegal.ch\/wp-content\/uploads\/2024\/05\/cropped_0012_DSC02865.jpg","width":1280,"height":1920},{"@type":"BreadcrumbList","@id":"https:\/\/schillerlegal.ch\/fr\/membre-de-lequipe\/til-huber\/#breadcrumb","itemListElement":[{"@type":"ListItem","position":1,"name":"Startseite","item":"https:\/\/schillerlegal.ch\/fr\/"},{"@type":"ListItem","position":2,"name":"Til Huber"}]},{"@type":"WebSite","@id":"https:\/\/schillerlegal.ch\/fr\/#website","url":"https:\/\/schillerlegal.ch\/fr\/","name":"Schiller Rechtsanw\u00e4lte AG","description":"","potentialAction":[{"@type":"SearchAction","target":{"@type":"EntryPoint","urlTemplate":"https:\/\/schillerlegal.ch\/fr\/?s={search_term_string}"},"query-input":{"@type":"PropertyValueSpecification","valueRequired":true,"valueName":"search_term_string"}}],"inLanguage":"fr-FR"}]}},"_links":{"self":[{"href":"https:\/\/schillerlegal.ch\/fr\/wp-json\/wp\/v2\/team-member\/1059","targetHints":{"allow":["GET"]}}],"collection":[{"href":"https:\/\/schillerlegal.ch\/fr\/wp-json\/wp\/v2\/team-member"}],"about":[{"href":"https:\/\/schillerlegal.ch\/fr\/wp-json\/wp\/v2\/types\/team-member"}],"wp:featuredmedia":[{"embeddable":true,"href":"https:\/\/schillerlegal.ch\/fr\/wp-json\/wp\/v2\/media\/750"}],"wp:attachment":[{"href":"https:\/\/schillerlegal.ch\/fr\/wp-json\/wp\/v2\/media?parent=1059"}],"wp:term":[{"taxonomy":"employment-status","embeddable":true,"href":"https:\/\/schillerlegal.ch\/fr\/wp-json\/wp\/v2\/employment-status?post=1059"}],"curies":[{"name":"wp","href":"https:\/\/api.w.org\/{rel}","templated":true}]}}

<p>Né en 2005, Til Huber a commencé en 2021 son apprentissage de quatre ans en tant qu&#8217;employé de commerce à l&rsquo;UNITED school of sports.&nbsp;Il a commencé la partie professionnelle pratique de sa formation chez nous en été 2023 et enrichit depuis l&rsquo;équipe de Schiller Rechtsanwälte AG.</p>



<p>Loin de son travail quotidien, Til Huber se rend sur le terrain de foot, où il peut vivre pleinement sa passion et son énergie.</p>

<!-- This site is optimized with the Yoast SEO plugin v27.3 - https://yoast.com/product/yoast-seo-wordpress/ -->
<title>Til Huber - Schiller Rechtsanwälte AG</title>
<meta name="robots" content="index, follow, max-snippet:-1, max-image-preview:large, max-video-preview:-1" />
<link rel="canonical" href="https://schillerlegal.ch/fr/membre-de-lequipe/til-huber/" />
<meta property="og:locale" content="fr_FR" />
<meta property="og:type" content="article" />
<meta property="og:title" content="Til Huber - Schiller Rechtsanwälte AG" />
<meta property="og:description" content="Né en 2005, Til Huber a commencé en 2021 son apprentissage de quatre ans en tant qu&#8217;employé de commerce à l&rsquo;UNITED school of sports.&nbsp;Il a commencé la partie professionnelle pratique de sa formation chez nous en été 2023 et enrichit depuis l&rsquo;équipe de Schiller Rechtsanwälte AG. Loin de son travail quotidien, Til Huber se rend [&hellip;]" />
<meta property="og:url" content="https://schillerlegal.ch/fr/membre-de-lequipe/til-huber/" />
<meta property="og:site_name" content="Schiller Rechtsanwälte AG" />
<meta property="article:modified_time" content="2024-07-03T14:13:46+00:00" />
<meta property="og:image" content="https://schillerlegal.ch/wp-content/uploads/2024/05/cropped_0012_DSC02865.jpg" />
	<meta property="og:image:width" content="1280" />
	<meta property="og:image:height" content="1920" />
	<meta property="og:image:type" content="image/jpeg" />
<meta name="twitter:card" content="summary_large_image" />
<script type="application/ld+json" class="yoast-schema-graph">{"@context":"https:\/\/schema.org","@graph":[{"@type":"WebPage","@id":"https:\/\/schillerlegal.ch\/fr\/membre-de-lequipe\/til-huber\/","url":"https:\/\/schillerlegal.ch\/fr\/membre-de-lequipe\/til-huber\/","name":"Til Huber - Schiller Rechtsanwälte AG","isPartOf":{"@id":"https:\/\/schillerlegal.ch\/fr\/#website"},"primaryImageOfPage":{"@id":"https:\/\/schillerlegal.ch\/fr\/membre-de-lequipe\/til-huber\/#primaryimage"},"image":{"@id":"https:\/\/schillerlegal.ch\/fr\/membre-de-lequipe\/til-huber\/#primaryimage"},"thumbnailUrl":"https:\/\/schillerlegal.ch\/wp-content\/uploads\/2024\/05\/cropped_0012_DSC02865.jpg","datePublished":"2024-05-01T12:14:27+00:00","dateModified":"2024-07-03T14:13:46+00:00","breadcrumb":{"@id":"https:\/\/schillerlegal.ch\/fr\/membre-de-lequipe\/til-huber\/#breadcrumb"},"inLanguage":"fr-FR","potentialAction":[{"@type":"ReadAction","target":["https:\/\/schillerlegal.ch\/fr\/membre-de-lequipe\/til-huber\/"]}]},{"@type":"ImageObject","inLanguage":"fr-FR","@id":"https:\/\/schillerlegal.ch\/fr\/membre-de-lequipe\/til-huber\/#primaryimage","url":"https:\/\/schillerlegal.ch\/wp-content\/uploads\/2024\/05\/cropped_0012_DSC02865.jpg","contentUrl":"https:\/\/schillerlegal.ch\/wp-content\/uploads\/2024\/05\/cropped_0012_DSC02865.jpg","width":1280,"height":1920},{"@type":"BreadcrumbList","@id":"https:\/\/schillerlegal.ch\/fr\/membre-de-lequipe\/til-huber\/#breadcrumb","itemListElement":[{"@type":"ListItem","position":1,"name":"Startseite","item":"https:\/\/schillerlegal.ch\/fr\/"},{"@type":"ListItem","position":2,"name":"Til Huber"}]},{"@type":"WebSite","@id":"https:\/\/schillerlegal.ch\/fr\/#website","url":"https:\/\/schillerlegal.ch\/fr\/","name":"Schiller Rechtsanwälte AG","description":"","potentialAction":[{"@type":"SearchAction","target":{"@type":"EntryPoint","urlTemplate":"https:\/\/schillerlegal.ch\/fr\/?s={search_term_string}"},"query-input":{"@type":"PropertyValueSpecification","valueRequired":true,"valueName":"search_term_string"}}],"inLanguage":"fr-FR"}]}</script>
<!-- / Yoast SEO plugin. -->

Til Huber - Schiller Rechtsanwälte AG

Né en 2005, Til Huber a commencé en 2021 son apprentissage de quatre ans en tant qu&#8217;employé de commerce à l&rsquo;UNITED school of sports.&nbsp;Il a commencé la partie professionnelle pratique de sa formation chez nous en été 2023 et enrichit depuis l&rsquo;équipe de Schiller Rechtsanwälte AG. Loin de son travail quotidien, Til Huber se rend [&hellip;]

Schiller Rechtsanwälte AG
