{"id":1080,"date":"2024-05-01T14:10:33","date_gmt":"2024-05-01T12:10:33","guid":{"rendered":"https:\/\/schiller.site-preview.ch\/teammitglied\/fabienne-salathe\/"},"modified":"2024-07-03T16:32:53","modified_gmt":"2024-07-03T14:32:53","slug":"fabienne-salathe","status":"publish","type":"team-member","link":"https:\/\/schillerlegal.ch\/en\/team-member\/fabienne-salathe\/","title":{"rendered":"Fabienne Salath\u00e9"},"content":{"rendered":"\n<p>Fabienne Salath\u00e9 has been actively supporting our team since July 2021.<strong><\/strong><\/p>\n\n\n\n<p>Born in 1993, she graduated from the commercial high school at the cantonal school in Frauenfeld. She then attended the passport course and obtained a bachelor&#8217;s degree in law at the University of Zurich.<\/p>\n\n\n\n<p>Fabienne Salath\u00e9 speaks German, French and English.<\/p>\n\n\n\n<p>Assistant to Daniel Maritz, Simon Bachmann and Richard Amstutz.<\/p>\n\n\n\n<p>Active in sport and interested in food, Fabienne Salath\u00e9 spends her free time at the gym, swimming, cooking and baking.<\/p>\n","protected":false},"featured_media":751,"template":"","employment-status":[32],"class_list":["post-1080","team-member","type-team-member","status-publish","has-post-thumbnail","hentry","employment-status-former-en"],"acf":[],"yoast_head":"<!-- This site is optimized with the Yoast SEO plugin v27.3 - https:\/\/yoast.com\/product\/yoast-seo-wordpress\/ -->\n<title>Fabienne Salath\u00e9 - Schiller Rechtsanw\u00e4lte AG<\/title>\n<meta name=\"robots\" content=\"index, follow, max-snippet:-1, max-image-preview:large, max-video-preview:-1\" \/>\n<link rel=\"canonical\" href=\"https:\/\/schillerlegal.ch\/en\/team-member\/fabienne-salathe\/\" \/>\n<meta property=\"og:locale\" content=\"en_US\" \/>\n<meta property=\"og:type\" content=\"article\" \/>\n<meta property=\"og:title\" content=\"Fabienne Salath\u00e9 - Schiller Rechtsanw\u00e4lte AG\" \/>\n<meta property=\"og:description\" content=\"Fabienne Salath\u00e9 has been actively supporting our team since July 2021. Born in 1993, she graduated from the commercial high school at the cantonal school in Frauenfeld. She then attended the passport course and obtained a bachelor&#8217;s degree in law at the University of Zurich. Fabienne Salath\u00e9 speaks German, French and English. Assistant to Daniel [&hellip;]\" \/>\n<meta property=\"og:url\" content=\"https:\/\/schillerlegal.ch\/en\/team-member\/fabienne-salathe\/\" \/>\n<meta property=\"og:site_name\" content=\"Schiller Rechtsanw\u00e4lte AG\" \/>\n<meta property=\"article:modified_time\" content=\"2024-07-03T14:32:53+00:00\" \/>\n<meta property=\"og:image\" content=\"https:\/\/schillerlegal.ch\/wp-content\/uploads\/2024\/06\/cropped_0015_DSC02830.jpg\" \/>\n\t<meta property=\"og:image:width\" content=\"1280\" \/>\n\t<meta property=\"og:image:height\" content=\"1920\" \/>\n\t<meta property=\"og:image:type\" content=\"image\/jpeg\" \/>\n<meta name=\"twitter:card\" content=\"summary_large_image\" \/>\n<script type=\"application\/ld+json\" class=\"yoast-schema-graph\">{\"@context\":\"https:\\\/\\\/schema.org\",\"@graph\":[{\"@type\":\"WebPage\",\"@id\":\"https:\\\/\\\/schillerlegal.ch\\\/en\\\/team-member\\\/fabienne-salathe\\\/\",\"url\":\"https:\\\/\\\/schillerlegal.ch\\\/en\\\/team-member\\\/fabienne-salathe\\\/\",\"name\":\"Fabienne Salath\u00e9 - Schiller Rechtsanw\u00e4lte AG\",\"isPartOf\":{\"@id\":\"https:\\\/\\\/schillerlegal.ch\\\/en\\\/#website\"},\"primaryImageOfPage\":{\"@id\":\"https:\\\/\\\/schillerlegal.ch\\\/en\\\/team-member\\\/fabienne-salathe\\\/#primaryimage\"},\"image\":{\"@id\":\"https:\\\/\\\/schillerlegal.ch\\\/en\\\/team-member\\\/fabienne-salathe\\\/#primaryimage\"},\"thumbnailUrl\":\"https:\\\/\\\/schillerlegal.ch\\\/wp-content\\\/uploads\\\/2024\\\/06\\\/cropped_0015_DSC02830.jpg\",\"datePublished\":\"2024-05-01T12:10:33+00:00\",\"dateModified\":\"2024-07-03T14:32:53+00:00\",\"breadcrumb\":{\"@id\":\"https:\\\/\\\/schillerlegal.ch\\\/en\\\/team-member\\\/fabienne-salathe\\\/#breadcrumb\"},\"inLanguage\":\"en-US\",\"potentialAction\":[{\"@type\":\"ReadAction\",\"target\":[\"https:\\\/\\\/schillerlegal.ch\\\/en\\\/team-member\\\/fabienne-salathe\\\/\"]}]},{\"@type\":\"ImageObject\",\"inLanguage\":\"en-US\",\"@id\":\"https:\\\/\\\/schillerlegal.ch\\\/en\\\/team-member\\\/fabienne-salathe\\\/#primaryimage\",\"url\":\"https:\\\/\\\/schillerlegal.ch\\\/wp-content\\\/uploads\\\/2024\\\/06\\\/cropped_0015_DSC02830.jpg\",\"contentUrl\":\"https:\\\/\\\/schillerlegal.ch\\\/wp-content\\\/uploads\\\/2024\\\/06\\\/cropped_0015_DSC02830.jpg\",\"width\":1280,\"height\":1920},{\"@type\":\"BreadcrumbList\",\"@id\":\"https:\\\/\\\/schillerlegal.ch\\\/en\\\/team-member\\\/fabienne-salathe\\\/#breadcrumb\",\"itemListElement\":[{\"@type\":\"ListItem\",\"position\":1,\"name\":\"Startseite\",\"item\":\"https:\\\/\\\/schillerlegal.ch\\\/en\\\/\"},{\"@type\":\"ListItem\",\"position\":2,\"name\":\"Fabienne Salath\u00e9\"}]},{\"@type\":\"WebSite\",\"@id\":\"https:\\\/\\\/schillerlegal.ch\\\/en\\\/#website\",\"url\":\"https:\\\/\\\/schillerlegal.ch\\\/en\\\/\",\"name\":\"Schiller Rechtsanw\u00e4lte AG\",\"description\":\"\",\"potentialAction\":[{\"@type\":\"SearchAction\",\"target\":{\"@type\":\"EntryPoint\",\"urlTemplate\":\"https:\\\/\\\/schillerlegal.ch\\\/en\\\/?s={search_term_string}\"},\"query-input\":{\"@type\":\"PropertyValueSpecification\",\"valueRequired\":true,\"valueName\":\"search_term_string\"}}],\"inLanguage\":\"en-US\"}]}<\/script>\n<!-- \/ Yoast SEO plugin. -->","yoast_head_json":{"title":"Fabienne Salath\u00e9 - Schiller Rechtsanw\u00e4lte AG","robots":{"index":"index","follow":"follow","max-snippet":"max-snippet:-1","max-image-preview":"max-image-preview:large","max-video-preview":"max-video-preview:-1"},"canonical":"https:\/\/schillerlegal.ch\/en\/team-member\/fabienne-salathe\/","og_locale":"en_US","og_type":"article","og_title":"Fabienne Salath\u00e9 - Schiller Rechtsanw\u00e4lte AG","og_description":"Fabienne Salath\u00e9 has been actively supporting our team since July 2021. Born in 1993, she graduated from the commercial high school at the cantonal school in Frauenfeld. She then attended the passport course and obtained a bachelor&#8217;s degree in law at the University of Zurich. Fabienne Salath\u00e9 speaks German, French and English. Assistant to Daniel [&hellip;]","og_url":"https:\/\/schillerlegal.ch\/en\/team-member\/fabienne-salathe\/","og_site_name":"Schiller Rechtsanw\u00e4lte AG","article_modified_time":"2024-07-03T14:32:53+00:00","og_image":[{"width":1280,"height":1920,"url":"https:\/\/schillerlegal.ch\/wp-content\/uploads\/2024\/06\/cropped_0015_DSC02830.jpg","type":"image\/jpeg"}],"twitter_card":"summary_large_image","schema":{"@context":"https:\/\/schema.org","@graph":[{"@type":"WebPage","@id":"https:\/\/schillerlegal.ch\/en\/team-member\/fabienne-salathe\/","url":"https:\/\/schillerlegal.ch\/en\/team-member\/fabienne-salathe\/","name":"Fabienne Salath\u00e9 - Schiller Rechtsanw\u00e4lte AG","isPartOf":{"@id":"https:\/\/schillerlegal.ch\/en\/#website"},"primaryImageOfPage":{"@id":"https:\/\/schillerlegal.ch\/en\/team-member\/fabienne-salathe\/#primaryimage"},"image":{"@id":"https:\/\/schillerlegal.ch\/en\/team-member\/fabienne-salathe\/#primaryimage"},"thumbnailUrl":"https:\/\/schillerlegal.ch\/wp-content\/uploads\/2024\/06\/cropped_0015_DSC02830.jpg","datePublished":"2024-05-01T12:10:33+00:00","dateModified":"2024-07-03T14:32:53+00:00","breadcrumb":{"@id":"https:\/\/schillerlegal.ch\/en\/team-member\/fabienne-salathe\/#breadcrumb"},"inLanguage":"en-US","potentialAction":[{"@type":"ReadAction","target":["https:\/\/schillerlegal.ch\/en\/team-member\/fabienne-salathe\/"]}]},{"@type":"ImageObject","inLanguage":"en-US","@id":"https:\/\/schillerlegal.ch\/en\/team-member\/fabienne-salathe\/#primaryimage","url":"https:\/\/schillerlegal.ch\/wp-content\/uploads\/2024\/06\/cropped_0015_DSC02830.jpg","contentUrl":"https:\/\/schillerlegal.ch\/wp-content\/uploads\/2024\/06\/cropped_0015_DSC02830.jpg","width":1280,"height":1920},{"@type":"BreadcrumbList","@id":"https:\/\/schillerlegal.ch\/en\/team-member\/fabienne-salathe\/#breadcrumb","itemListElement":[{"@type":"ListItem","position":1,"name":"Startseite","item":"https:\/\/schillerlegal.ch\/en\/"},{"@type":"ListItem","position":2,"name":"Fabienne Salath\u00e9"}]},{"@type":"WebSite","@id":"https:\/\/schillerlegal.ch\/en\/#website","url":"https:\/\/schillerlegal.ch\/en\/","name":"Schiller Rechtsanw\u00e4lte AG","description":"","potentialAction":[{"@type":"SearchAction","target":{"@type":"EntryPoint","urlTemplate":"https:\/\/schillerlegal.ch\/en\/?s={search_term_string}"},"query-input":{"@type":"PropertyValueSpecification","valueRequired":true,"valueName":"search_term_string"}}],"inLanguage":"en-US"}]}},"_links":{"self":[{"href":"https:\/\/schillerlegal.ch\/en\/wp-json\/wp\/v2\/team-member\/1080","targetHints":{"allow":["GET"]}}],"collection":[{"href":"https:\/\/schillerlegal.ch\/en\/wp-json\/wp\/v2\/team-member"}],"about":[{"href":"https:\/\/schillerlegal.ch\/en\/wp-json\/wp\/v2\/types\/team-member"}],"wp:featuredmedia":[{"embeddable":true,"href":"https:\/\/schillerlegal.ch\/en\/wp-json\/wp\/v2\/media\/751"}],"wp:attachment":[{"href":"https:\/\/schillerlegal.ch\/en\/wp-json\/wp\/v2\/media?parent=1080"}],"wp:term":[{"taxonomy":"employment-status","embeddable":true,"href":"https:\/\/schillerlegal.ch\/en\/wp-json\/wp\/v2\/employment-status?post=1080"}],"curies":[{"name":"wp","href":"https:\/\/api.w.org\/{rel}","templated":true}]}}

Fabienne Salathé

<p>Fabienne Salathé has been actively supporting our team since July 2021.<strong></strong></p>



<p>Born in 1993, she graduated from the commercial high school at the cantonal school in Frauenfeld. She then attended the passport course and obtained a bachelor&#8217;s degree in law at the University of Zurich.</p>



<p>Fabienne Salathé speaks German, French and English.</p>



<p>Assistant to Daniel Maritz, Simon Bachmann and Richard Amstutz.</p>



<p>Active in sport and interested in food, Fabienne Salathé spends her free time at the gym, swimming, cooking and baking.</p>

<!-- This site is optimized with the Yoast SEO plugin v27.3 - https://yoast.com/product/yoast-seo-wordpress/ -->
<title>Fabienne Salathé - Schiller Rechtsanwälte AG</title>
<meta name="robots" content="index, follow, max-snippet:-1, max-image-preview:large, max-video-preview:-1" />
<link rel="canonical" href="https://schillerlegal.ch/en/team-member/fabienne-salathe/" />
<meta property="og:locale" content="en_US" />
<meta property="og:type" content="article" />
<meta property="og:title" content="Fabienne Salathé - Schiller Rechtsanwälte AG" />
<meta property="og:description" content="Fabienne Salathé has been actively supporting our team since July 2021. Born in 1993, she graduated from the commercial high school at the cantonal school in Frauenfeld. She then attended the passport course and obtained a bachelor&#8217;s degree in law at the University of Zurich. Fabienne Salathé speaks German, French and English. Assistant to Daniel [&hellip;]" />
<meta property="og:url" content="https://schillerlegal.ch/en/team-member/fabienne-salathe/" />
<meta property="og:site_name" content="Schiller Rechtsanwälte AG" />
<meta property="article:modified_time" content="2024-07-03T14:32:53+00:00" />
<meta property="og:image" content="https://schillerlegal.ch/wp-content/uploads/2024/06/cropped_0015_DSC02830.jpg" />
	<meta property="og:image:width" content="1280" />
	<meta property="og:image:height" content="1920" />
	<meta property="og:image:type" content="image/jpeg" />
<meta name="twitter:card" content="summary_large_image" />
<script type="application/ld+json" class="yoast-schema-graph">{"@context":"https:\/\/schema.org","@graph":[{"@type":"WebPage","@id":"https:\/\/schillerlegal.ch\/en\/team-member\/fabienne-salathe\/","url":"https:\/\/schillerlegal.ch\/en\/team-member\/fabienne-salathe\/","name":"Fabienne Salathé - Schiller Rechtsanwälte AG","isPartOf":{"@id":"https:\/\/schillerlegal.ch\/en\/#website"},"primaryImageOfPage":{"@id":"https:\/\/schillerlegal.ch\/en\/team-member\/fabienne-salathe\/#primaryimage"},"image":{"@id":"https:\/\/schillerlegal.ch\/en\/team-member\/fabienne-salathe\/#primaryimage"},"thumbnailUrl":"https:\/\/schillerlegal.ch\/wp-content\/uploads\/2024\/06\/cropped_0015_DSC02830.jpg","datePublished":"2024-05-01T12:10:33+00:00","dateModified":"2024-07-03T14:32:53+00:00","breadcrumb":{"@id":"https:\/\/schillerlegal.ch\/en\/team-member\/fabienne-salathe\/#breadcrumb"},"inLanguage":"en-US","potentialAction":[{"@type":"ReadAction","target":["https:\/\/schillerlegal.ch\/en\/team-member\/fabienne-salathe\/"]}]},{"@type":"ImageObject","inLanguage":"en-US","@id":"https:\/\/schillerlegal.ch\/en\/team-member\/fabienne-salathe\/#primaryimage","url":"https:\/\/schillerlegal.ch\/wp-content\/uploads\/2024\/06\/cropped_0015_DSC02830.jpg","contentUrl":"https:\/\/schillerlegal.ch\/wp-content\/uploads\/2024\/06\/cropped_0015_DSC02830.jpg","width":1280,"height":1920},{"@type":"BreadcrumbList","@id":"https:\/\/schillerlegal.ch\/en\/team-member\/fabienne-salathe\/#breadcrumb","itemListElement":[{"@type":"ListItem","position":1,"name":"Startseite","item":"https:\/\/schillerlegal.ch\/en\/"},{"@type":"ListItem","position":2,"name":"Fabienne Salathé"}]},{"@type":"WebSite","@id":"https:\/\/schillerlegal.ch\/en\/#website","url":"https:\/\/schillerlegal.ch\/en\/","name":"Schiller Rechtsanwälte AG","description":"","potentialAction":[{"@type":"SearchAction","target":{"@type":"EntryPoint","urlTemplate":"https:\/\/schillerlegal.ch\/en\/?s={search_term_string}"},"query-input":{"@type":"PropertyValueSpecification","valueRequired":true,"valueName":"search_term_string"}}],"inLanguage":"en-US"}]}</script>
<!-- / Yoast SEO plugin. -->

Fabienne Salathé - Schiller Rechtsanwälte AG

Fabienne Salathé has been actively supporting our team since July 2021. Born in 1993, she graduated from the commercial high school at the cantonal school in Frauenfeld. She then attended the passport course and obtained a bachelor&#8217;s degree in law at the University of Zurich. Fabienne Salathé speaks German, French and English. Assistant to Daniel [&hellip;]

Schiller Rechtsanwälte AG
